by 198.
131
Calculate the remainder when 416347 is divided by 2586.
1
Calculate the remainder when 40643 is divided by 150.
143
Calculate the remainder when 16746 is divided by 895.
636
Calculate the remainder when 27535 is divided by 1283.
592
Calculate the remainder when 856064 is divided by 5.
4
What is the remainder when 22814 is divided by 62?
60
Calculate the remainder when 738735 is divided by 43.
38
Calculate the remainder when 443568 is divided by 166.
16
Calculate the remainder when 53592 is divided by 10712.
32
What is the remainder when 9883 is divided by 79?
8
Calculate the remainder when 916 is divided by 336.
244
Calculate the remainder when 1315 is divided by 651.
13
Calculate the remainder when 1893450 is divided by 4.
2
Calculate the remainder when 8166 is divided by 4070.
26
What is the remainder when 49302 is divided by 71?
28
What is the remainder when 3171 is divided by 19?
17
What is the remainder when 21187 is divided by 4006?
1157
What is the remainder when 24105 is divided by 4816?
25
Calculate the remainder when 971962 is divided by 64.
58
Calculate the remainder when 1693 is divided by 234.
55
What is the remainder when 84480 is divided by 21?
18
Calculate the remainder when 6069 is divided by 2839.
391
What is the remainder when 16364 is divided by 14?
12
What is the remainder when 88636 is divided by 2160?
76
What is the remainder when 2652 is divided by 29?
13
What is the remainder when 10487 is divided by 749?
1
Calculate the remainder when 864539 is divided by 31.
11
Calculate the remainder when 30494 is divided by 1262.
206
Calculate the remainder when 6303 is divided by 6295.
8
What is the remainder when 5148 is divided by 25?
23
Calculate the remainder when 2069061 is divided by 279.
276
What is the remainder when 416917 is divided by 280?
277
What is the remainder when 1758 is divided by 1518?
240
What is the remainder when 52 is divided by 50?
2
What is the remainder when 172 is divided by 140?
32
What is the remainder when 198131 is divided by 627?
626
What is the remainder when 23724 is divided by 40?
4
What is the remainder when 4066 is divided by 115?
41
What is the remainder when 11771 is divided by 54?
53
Calculate the remainder when 23512 is divided by 11745.
22
Calculate the remainder when 559 is divided by 516.
43
Calculate the remainder when 6404 is divided by 183.
182
What is the remainder when 41628 is divided by 20797?
34
Calculate the remainder when 43378 is divided by 43374.
4
Calculate the remainder when 87807 is divided by 14.
13
Calculate the remainder when 1687 is divided by 411.
43
What is the remainder when 17942 is divided by 129?
11
Calculate the remainder when 3774 is divided by 248.
54
Calculate the remainder when 8035 is divided by 32.
3
Calculate the remainder when 78107 is divided by 919.
911
Calculate the remainder when 18945 is divided by 581.
353
Calculate the remainder when 1905 is divided by 1330.
575
Calculate the remainder when 336782 is divided by 7.
5
What is the remainder when 1694 is divided by 456?
326
What is the remainder when 131490 is divided by 70?
30
What is the remainder when 10803 is divided by 2158?
13
Calculate the remainder when 1944974 is divided by 514.
512
What is the remainder when 1986 is divided by 1371?
615
What is the remainder when 4306 is divided by 226?
12
What is the remainder when 2836 is divided by 2424?
412
Calculate the remainder when 13849 is divided by 88.
33
Calculate the remainder when 154563 is divided by 3.
0
Calculate the remainder when 57050 is divided by 28506.
38
Calculate the remainder when 3262 is divided by 1049.
115
Calculate the remainder when 7201 is divided by 5.
1
What is the remainder when 34643 is divided by 41?
39
Calculate the remainder when 242446 is divided by 8.
6
What is the remainder when 99339 is divided by 49657?
25
Calculate the remainder when 1397304 is divided by 455.
454
What is the remainder when 300156 is divided by 11?
10
Calculate the remainder when 10244 is divided by 244.
240
Calculate the remainder when 70757 is divided by 269.
10
What is the remainder when 75527 is divided by 130?
127
Calculate the remainder when 2314 is divided by 326.
32
What is the remainder when 50388 is divided by 35?
23
Calculate the remainder when 12691 is divided by 302.
7
Calculate the remainder when 1607 is divided by 1168.
439
What is the remainder when 15070 is divided by 62?
4
What is the remainder when 74198 is divided by 14?
12
Calculate the remainder when 40137 is divided by 41.
39
What is the remainder when 927 is divided by 125?
52
Calculate the remainder when 76957 is divided by 80.
77
What is the remainder when 23966 is divided by 94?
90
Calculate the remainder when 504764 is divided by 67.
53
Calculate the remainder when 61093 is divided by 1358.
1341
Calculate the remainder when 6935 is divided by 109.
68
Calculate the remainder when 119824 is divided by 7.
5
Calculate the remainder when 92911 is divided by 11607.
55
Calculate the remainder when 20883 is divided by 418.
401
Calculate the remainder when 10936 is divided by 5386.
164
What is the remainder when 137972 is divided by 137?
13
What is the remainder when 1324 is divided by 188?
8
What is the remainder when 5882 is divided by 174?
140
Calculate the remainder when 619413 is divided by 43.
41
What is the remainder when 297430 is divided by 148708?
14
Calculate the remainder when 1373 is divided by 1133.
240
What is the remainder when 191938 is divided by 12?
10
Calculate the remainder when 8137 is divided by 15.
7
What is the remainder when 9873 is divided by 81?
72
Calculate the remainder when 2534175 is divided by 844718.
21
Calculate the remainder when 3410454 is divided by 56.
54
What is the remainder when 53696 is divided by 150?
146
What is the remainder when 51098 is divided by 171?
140
Calculate the remainder when 497288 is divided by 349.
312
Calculate the remainder when 69400 is divided by 119.
23
Calculate the remainder when 71823 is divided by 83.
28
What is the remainder when 171107 is divided by 42?
41
Calculate the remainder when 6058 is divided by 892.
706
Calculate the remainder when 8943 is divided by 1758.
153
What is the remainder when 4169373 is divided by 1389790?
3
What is the remainder when 5280 is divided by 1317?
12
Calculate the remainder when 170181 is divided by 1956.
9
What is the remainder when 32193 is divided by 137?
135
Calculate the remainder when 10889 is divided by 450.
89
Calculate the remainder when 9600748 is divided by 45.
43
Calculate the remainder when 6029 is divided by 665.
44
Calculate the remainder when 15816 is divided by 68.
40
Calculate the remainder when 140999 is divided by 564.
563
What is the remainder when 18576 is divided by 483?
222
What is the remainder when 16621 is divided by 16498?
123
Calculate the remainder when 3245 is divided by 446.
123
Calculate the remainder when 10602 is divided by 131.
122
What is the remainder when 286132 is divided by 38?
30
Calculate the remainder when 26088 is divided by 3709.
125
Calculate the remainder when 2035896 is divided by 50.
46
What is the remainder when 20547 is divided by 4?
3
What is the remainder when 77999 is divided by 80?
79
Calculate the remainder when 42 is divided by 11.
9
What is the remainder when 7945 is divided by 13?
2
Calculate the remainder when 28565 is divided by 107.
103
Calculate the remainder when 94590 is divided by 485.
15
What is the remainder when 36712 is divided by 966?
4
Calculate the remainder when 192465 is divided by 116.
21
What is the remainder when 12784 is divided by 31?
12
What is the remainder when 1368 is divided by 160?
88
Calculate the remainder when 122919 is divided by 5115.
159
What is the remainder when 3317 is divided by 120?
77
What is the remainder when 1814 is divided by 456?
446
Calculate the remainder when 4033 is divided by 406.
379
Calculate the remainder when 3909 is divided by 1617.
675
Calculate the remainder when 1709836 is divided by 12.
4
What is the remainder when 7497 is divided by 807?
234
What is the remainder when 8678 is divided by 1050?
278
What is the remainder when 26989 is divided by 771?
4
What is the remainder when 141732 is divided by 3828?
96
Calculate the remainder when 23293 is 